24366528?
True
Is 812 a factor of 407448608?
True
Is 133 a factor of 273554655?
False
Is 2613 a factor of 5273034?
True
Is 30 a factor of 2186024010?
True
Is 25 a factor of 261020975?
True
Does 14 divide 23080830?
False
Does 256 divide 135501312?
True
Does 6 divide 1108380?
True
Does 35 divide 8607041?
False
Is 292 a factor of 1787404?
False
Does 120 divide 3839817?
False
Does 52 divide 129968093?
False
Is 225 a factor of 45587817?
False
Does 110 divide 653109581?
False
Is 15 a factor of 3039800?
False
Is 838724682 a multiple of 2491?
True
Is 190041276 a multiple of 254?
True
Does 1015 divide 378214375?
True
Does 11854 divide 3670069524?
True
Is 632 a factor of 10969151?
False
Is 48 a factor of 69280453?
False
Is 157882835 a multiple of 732?
False
Is 5 a factor of 13222246?
False
Does 80 divide 127876480?
True
Is 9428141 a multiple of 9?
False
Is 10382960 a multiple of 5?
True
Is 846 a factor of 476174484?
True
Does 80 divide 4552240?
True
Does 167 divide 169705066?
True
Does 118 divide 464402334?
True
Is 48125808 a multiple of 596?
True
Does 1714 divide 36274250?
False
Is 1394211348 a multiple of 4?
True
Is 56334820 a multiple of 115?
True
Does 202 divide 94627102?
True
Is 137405372 a multiple of 1724?
False
Is 41 a factor of 115083350?
False
Is 1261039971 a multiple of 15?
False
Is 12 a factor of 4247100?
True
Is 1801164852 a multiple of 1116?
True
Does 191 divide 22938909?
True
Does 181 divide 565476086?
False
Does 3442 divide 2684923902?
False
Is 313955868 a multiple of 1414?
False
Is 46264687 a multiple of 4120?
False
Is 10900338 a multiple of 9?
False
Is 135 a factor of 66316320?
True
Is 26418450 a multiple of 12?
False
Is 7 a factor of 31645557?
False
Does 7 divide 78556971?
False
Is 688 a factor of 342167168?
True
Is 1098 a factor of 919822050?
True
Is 27608348 a multiple of 912?
False
Does 10 divide 811613680?
True
Is 7 a factor of 1947264099?
False
Does 31 divide 608229672?
True
Is 389393708 a multiple of 1721?
False
Does 33 divide 869480595?
False
Is 12 a factor of 64411140?
True
Is 6 a factor of 1509018?
True
Is 10 a factor of 18196002?
False
Is 6935572 a multiple of 73?
False
Is 217771886 a multiple of 8736?
False
Is 685397369 a multiple of 41?
True
Does 19 divide 107833297?
False
Does 18 divide 375065964?
True
Does 45 divide 13357575?
True
Is 500 a factor of 309268500?
True
Is 53 a factor of 66056232?
True
Does 9805 divide 1810389331?
False
Does 8 divide 90494170?
False
Does 204 divide 90534034?
False
Is 19 a factor of 38468882?
True
Does 214 divide 2198050282?
True
Does 221 divide 28720442?
False
Is 12648004 a multiple of 40?
False
Is 52 a factor of 307580507?
False
Is 7065844 a multiple of 19?
False
Does 912 divide 59889287?
False
Is 63838623 a multiple of 1193?
True
Is 182 a factor of 60627073?
False
Is 30 a factor of 147825711?
False
Is 36 a factor of 7548596?
False
Is 42203255 a multiple of 10?
False
Is 909 a factor of 52931979?
True
Is 7 a factor of 81294570?
True
Does 45 divide 47242586?
False
Is 271 a factor of 59317022?
True
Is 80 a factor of 8933760?
True
Is 160941878 a multiple of 622?
True
Is 1789163922 a multiple of 21?
True
Is 403190850 a multiple of 74?
True
Does 8 divide 139917952?
True
Does 1035 divide 9253062?
False
Is 168300860 a multiple of 988?
True
Is 28 a factor of 11266920?
True
Is 19 a factor of 366279283?
True
Does 123 divide 49310700?
True
Is 71675793 a multiple of 1070?
False
Is 424 a factor of 388642483?
False
Is 248 a factor of 87361224?
True
Does 1277 divide 62276736?
True
Is 1953 a factor of 57458209?
False
Is 13533384 a multiple of 406?
False
Is 521 a factor of 1261222212?
True
Does 498 divide 74336819?
False
Is 185 a factor of 14997156?
False
Is 1205 a factor of 1089010763?
False
Is 31 a factor of 107490713?
False
Does 1694 divide 2852335?
False
Does 391 divide 12988013?
False
Does 643 divide 9215476?
True
Does 13 divide 85111053?
False
Is 3489 a factor of 168045332?
False
Is 2218010478 a multiple of 237?
True
Is 29 a factor of 49686599?
True
Does 15 divide 3497498?
False
Is 3484 a factor of 402569232?
True
Is 891 a factor of 233209885?
False
Is 4731 a factor of 73534065?
False
Is 67 a factor of 23758857?
False
Is 160519500 a multiple of 4?
True
Is 9 a factor of 7901442?
True
Is 145338715 a multiple of 456?
False
Is 625 a factor of 101620000?
True
Is 23765616 a multiple of 144?
True
Does 2208 divide 40112736?
True
Is 84569616 a multiple of 292?
False
Is 2402 a factor of 6645434?
False
Is 113745600 a multiple of 4320?
True
Does 32 divide 22922240?
True
Does 4047 divide 65160747?
True
Does 189 divide 308027286?
True
Is 5 a factor of 21693970?
True
Does 184 divide 9640339?
False
Is 473661211 a multiple of 4422?
False
Is 7494 a factor of 196742645?
False
Does 3230 divide 19024700?
True
Is 33 a factor of 109767339?
True
Is 17478164 a multiple of 22?
True
Is 991104999 a multiple of 31?
True
Is 3682564 a multiple of 420?
False
Is 1211 a factor of 234854617?
False
Is 38 a factor of 3985668?
True
Is 163158740 a multiple of 304?
False
Does 3 divide 137148528?
True
Does 2 divide 49489422?
True
Does 677 divide 27172749?
True
Is 426647 a multiple of 9?
False
Does 222 divide 255849672?
True
Is 17844817 a multiple of 777?
False
Does 388 divide 274426170?
False
Does 495 divide 17809319?
False
Is 400 a factor of 89137223?
False
Is 247 a factor of 64067847?
False
Is 2692047214 a multiple of 3660?
False
Is 170 a factor of 1484367?
False
Is 133 a factor of 174513955?
True
Is 89 a factor of 105105939?
False
Does 1766 divide 182086962?
True
Is 18 a factor of 293516802?
True
Does 865 divide 233287905?
True
Does 12 divide 3287849640?
True
Is 351837975 a multiple of 75?
True
Does 213 divide 406247153?
False
Does 2932 divide 97902412?
True
Is 414127228 a multiple of 74?
False
Does 389 divide 113561278?
False
Is 475279764 a multiple of 73?
False
Is 112 a factor of 18522821?
False
Is 235 a factor of 301485071?
False
Is 6405276 a multiple of 654?
True
Is 544355455 a multiple of 2980?
False
Is 623 a factor of 269324732?
False
Does 9 divide 578538333?
True
Does 12 divide 1036651908?
True
Does 440 divide 53008917?
False
Is 27849606 a multiple of 887?
False
Is 166 a factor of 914694528?
True
Is 7 a factor of 3732317?
False
Is 8 a factor of 23459879?
False
Is 745 a factor of 27459955?
True
Is 1334 a factor of 29508080?
True
Is 14812706 a multiple of 1411?
False
Does 13 divide 69628572?
True
Is 72217921 a multiple of 883?
True
Does 8 divide 536937672?
True
Does 15 divide 253085760?
True
Is 184 a factor of 72249072?
True
Is 3203973 a multiple of 307?
False
Is 8 a factor of 145113040?
True
Is 74 a factor of 208262322?
False
Is 4452 a factor of 5744666129?
False
Is 51522996 a multiple of 21?
True
Does 831 divide 847727199?
True
Is 11 a factor of 20435151?
True
Is 92429621 a multiple of 22?
False
Is 90 a factor of 71831876?
False
Is 949395507 a multiple of 9?
False
Is 143556236 a multiple of 201?
False
Is 2 a factor of 139982052?
True
Does 1098 divide 397341350?
False
Is 1676 a factor of 220417241?
False
Does 117 divide 378421897?
False
Does 138 divide 425801136?
False
Does 16 divide 1490570991?
False
Does 97 divide 36181?
True
Is 24275640 a multiple of 60?
True
Does 23 divide 22473369?
True
Does 19 divide 556586090?
False
Does 283 divide 308335858?
True
Does 6 divide 187106640?
True
Does 9 divide 84292092?
True
Does 68 divide 75572140?
True
Does 57 divide 512963436?
False
Is 265 a factor of 8022610?
True
Is 166396308 a multiple of 78?
True
Is 583 a factor of 6960993525?
False
Is 1000947691 a multiple of 1129?
True
Is 1608 a factor of 639575568?
True
Does 8 divide 212215680?
True
Does 6 divide 177028158?
True
Is 11266 a factor of 3940459827?
False
Is 317564507 a multiple of 31?
False
Is 507362300 a multiple of 5335?
False
Does 50 divide 2730774?
False
Is 60 a factor of 35983080?
True
Is 1072 a factor of 117126720?
True
Does 116 divide 2342388?
True
Is 1166457 a multiple of 140?
False
Is 1167 a factor of 78758496?
True
Is 68 a factor of 508848896?
True
Does 172 divide 3312232208?
True
Is 17 a factor of 340694817?
False
Does 710 divide 1527210?
True
Is 3240712 a multiple of 4?
True
Is 216 a factor of 32420520?
True
Is 37651601 a multiple of 50?
False
Is 36 a factor of 105803928?
True
Does 28 divide 1039888209?
False
Is 35429848 a m